4 - (-1 + -6 + 16) - 2.
-7
What is the value of -3 + -8 + (-15 - -19)?
-7
What is 0 + 0 - (1 + (-3 - -4))?
-2
What is 4 + (9 - 6) + -5?
2
Evaluate -6 + (-6 - -7 - (2 - 2)).
-5
What is 2 + 3 + (0 + 3 - 4)?
4
Calculate 97 - 104 - (0 - -1).
-8
Evaluate 1 + -6 + 8 + -5.
-2
Evaluate -3 + 3 + 12 + 33 + -34.
11
What is 3 + -9 + (0 - -4)?
-2
7 - (-3 - 4) - 10
4
What is the value of (2 - (1 + 1)) + 4?
4
What is -6 - (-8 - (0 - 0))?
2
What is the value of 6 - (2 + 5 + -6)?
5
(5 + -2 - (9 - 5)) + 5
4
Evaluate 4 + -7 + -2 + 7.
2
Evaluate 0 + (-6 - -4) + (0 - -1).
-1
Calculate -7 - ((3 - 5) + 2).
-7
Calculate 21 + -15 + 0 + 0.
6
2 - ((15 - 14) + -3 + 0)
4
What is the value of -8 + (7 + -15 + 4 - -3)?
-9
(30 - 32) + -2 + 6
2
What is 19 - (-3 - -4 - -8)?
10
Evaluate 3 + 4 + -7 + 5.
5
What is 6 + -6 + (-1 - (2 - 2))?
-1
What is 3 - (-4 - (-4 - 1))?
2
Calculate 6 - (-55 - -51 - (-2 - 3)).
5
Calculate -4 + (-5 + 8 - -6).
5
What is (6 - -1) + -4 - 3?
0
Calculate (-4 - -4) + -2 + -1.
-3
Calculate -3 - 2 - (4 + 0) - -6.
-3
What is 0 + -4 + 2 + -4 + 6?
0
What is the value of -1 - (3 - (6 - 3))?
-1
(3 - 2) + -3 - (-7 + 4)
1
What is -4 - (-6 + 1) - (0 + -1)?
2
15 + -17 - (-2 + 6)
-6
Evaluate 2 - (-1 + 2) - (52 + -61).
10
What is -2 + 0 + -2 + (15 - 6)?
5
21 - 25 - (-1 - -1 - 0)
-4
-13 + 14 + -12 - (-3 - 2)
-6
Evaluate 1 - (6 - 4) - (7 + -2).
-6
Evaluate -3 + 2 + (1 - -6 - 4).
2
-7 - (-17 - -12) - -9
7
-3 + (0 - (-4 + 6))
-5
Evaluate 3 + -6 + (-3 - (-2 + -7)).
3
0 - (-2 - -1) - 3 - 1
-3
-6 - -14 - (1 + 4 + 0)
3
What is 3 - 4 - (16 - 18)?
1
2 - (1 + -3 + (-19 - -27))
-4
What is 8 + (0 + -6 - (2 + -1))?
1
Calculate -4 + -4 + 7 - 4 - -5.
0
(-2 + 5 - -1) + -6 + -1
-3
1 + 0 + -1 + -58 + 55
-3
(0 - -6) + (9 - -4) + -15
4
What is -1 - -4 - (-2 - 0)?
5
Calculate 4 + -3 + (2 - 3 - 5).
-5
What is the value of (-1 - (-2 + -5)) + -5?
1
Calculate -5 - -8 - (4 - 0).
-1
What is 4 + 0 + -4 + 2?
2
What is 9 + (4 - (1 - -7))?
5
What is the value of 6 + 8 + -1 + -7?
6
Evaluate -8 - (-1 + -8 + -1).
2
What is 4 + (-5 + 0 - (40 - 37))?
-4
What is the value of 0 - (0 - (-4 - (1 + -15)))?
10
Evaluate -3 + (6 - 2) - -6 - 5.
2
Calculate (7 - (2 - -2)) + (1 - 0).
4
Calculate (-2 - (-5 - -1)) + -2 + -2.
-2
Calculate 15 + -9 + 7 + -10.
3
Calculate -3 - (-6 - -3) - -10.
10
What is the value of -2 + -7 + 5 + 6 + -2?
0
Evaluate -3 - -2 - 4 - (164 + -165).
-4
What is 12 + -3 - (1 - -3)?
5
What is 2 - -1 - (6 + -1)?
-2
Evaluate -7 + (-3 - -6) + 1.
-3
What is the value of -4 + 6 + 3 + -2?
3
Calculate (-5 - 1) + (1 + -4 - -2).
-7
Evaluate 2 - (1 - 1 - (-16 + 13)).
-1
What is (5 + -7 - 0) + -4?
-6
10 + -4 + -3 + 1 - 3
1
What is the value of -4 - (-1 + 4 - (-2 + 13))?
4
Evaluate (-4 + 0 - (-1 + -2)) + 2.
1
What is -8 - -3 - (-7 - -3 - 4)?
3
Evaluate 4 - (3 - -3) - 2.
-4
What is the value of -5 + 3 - -4 - (3 + -6)?
5
Evaluate -4 - (0 + -2 + -6).
4
What is -6 + 3 - (0 + -3 + 2)?
-2
Evaluate -3 + 1 + 1 + (6 - 1).
4
Evaluate 6 + -5 + -1 + 1 + 1.
2
(0 - 6 - (-5 - -2)) + -2
-5
What is (-6 - 2) + 5 + 10?
7
Evaluate 2 + -3 + 0 + 2 - 5.
-4
Evaluate -6 + (-3 - (-12 + (6 - 7))).
4
What is 3 - (0 + -4 + 10)?
-3
Calculate 6 - (-3 - (-14 - -5)).
0
Calculate -8 + 2 - (0 - (4 + -2)).
-4
(0 - (0 - -3)) + 4 - 6
-5
What is the value of 9 + -6 - 4 - 3 - -5?
1
Evaluate (-5 - (-6 + -5)) + (-2 - 0).
4
Evaluate -2 - (4 + -6 - -3).
-3
What is 3 - 0 - (-2 + 8 + -3)?
0
Evaluate 1 + 2 + (-3 - -3) + 1.
4
Evaluate 62 - 48 - (1 + 6) - 8.
-1
What is 3 - (3 + (-5 - -1) + 0)?
4
Calculate (3 - 1) + 0 + (-43 - -40).
-1
-2 + (12 - 2) + -2 - 2
4
Calculate (3 - 6) + (-1 - (1 + 1)).
-6
Calculate -8 + 5 + 3 - (-4 + 1).
3
Evaluate 6 + -13 - (0 + -9).
2
What is 2 - (3 + -6 + 1 + -1)?
5
Evaluate 2 - -2 - (-2 - -3).
3
What is the value of -10 + 2 - (-9 + 1)?
0
What is the value of 3 + (-5 - (0 + -5))?
3
What is the value of 10 + -5 - (-6 + 15 + -6)?
2
What is 0 + 9 - (5 + -2 - -1)?
5
4 + (6 - 6) - -5
9
0 + (-3 - (-8 + 2 - -1))
2
Calculate 114 - 122 - (3 + -1).
-10
Calculate 0 - (-7 + (6 - (-3 + 4))).
2
Calculate 6 + -3 + (-1 + 5 - 6).
1
Calculate 6 - (1 - -3) - (4 - 5).
3
What is the value of -14 - ((3 - 8) + (-1 - 2))?
-6
Evaluate 0 + (1 - -1 - (-15 - -11)).
6
31 + -27 + -2 + 1
3
(-15 - -19) + (-1 - 6) + 8
5
What is the value of -1 - -14 - (-2 + 1 - -8)?
6
Calculate (5 - 3) + (-6 - 2).
-6
-3 + 0 + 1 + (-318 - -322)
2
What is 1 - (-1 - (4 + -5))?
1
Evaluate (1 - -1) + -14 + 13.
1
What is the value of 2 + -4 + 2 + (14 - 12)?
2
-5 + (2 + 9 - 7)
-1
What is -1 + (1 - (5 + -1 + 1))?
-5
(88 - 97) + -1 + 4
-6
6 + (-8 - (11 - 14))
1
What is -12 + 12 + -9 - -7?
-2
Calculate (-3 - (3 - 2 - 1)) + 5.
2
What is the value of 2 - (13 + -5) - -1?
-5
Evaluate (6 - 9) + (-1 + 0 - 1).
-5
Evaluate 1 + 0 + (-6 - -1) + 12.
8
What is the value of -1 + 0 + 2 + -2 + 1?
0
What is the value of 4 - (2 - 3 - -5)?
0
Evaluate 1 + 1 - ((0 - -3) + -6).
5
What is -3 - (3 + (-6 - (-6 - -4)))?
-2
What is the value of 4 - (-1 + 2) - (1 + 0)?
2
-5 + 1 - 4 - -4
-4
What is the value of 0 + 1 + -3 - (-190 + 191)?
-3
Calculate (2 - (3 - 1)) + 0 + 4.
4
Calculate 7 - (6 - (7 + -10)).
-2
What is (-1 - -4) + -8 + (-5 - -5)?
-5
Calculate 1 + 1 + -2 + 4.
4
What is -1 + 3 + 1 + (-2 - 2)?
-1
Calculate -2 + 3 + (-4 + 5 - 4).
-2
Calculate 5 + (-5 - -2) + 0 - 1.
1
What is the value of 2 + (-14 + (3 - 1) - -5)?
-5
Calculate -115 - -120 - (0 - -1).
4
What is -1 + -2 - 0 - -3?
0
What is the value of 15 + -14 + (2 - (1 + -1))?
3
Calculate 5 - (1 - -2) - 1.
1
-6 + 1 - (5 + -13 + 8)
-5
Calculate -3 - ((-3 - -6) + (-2 - 2)).
-2
What is (0 - 3) + (-1 - -4 - 7)?
-7
Evaluate 55 + -43 - (12 - 1).
1
Calculate (-1 - (-9 + 5)) + -2.
1
What is (1 - 5) + (-5 - -11)?
2
Calculate (6 - 7 - -4) + 1.
4
What is -1 - (3 + (2 - 5) + -4)?
3
What is 1 - (-3 - -4) - (0 + -3)?
3
What is the value of 0 + 0 + 4 + -3?
1
Evaluate -39 - -50 - (0 - -10).
1
Calculate -1 + 6 + 3 + -12.
-4
-4 - (-1 + 5 + -1 - 2)
-5
Calculate 3 + -4 + -5 + 1.
-5
Evaluate (-2 - -2 - 4) + 7.
3
Calculate 4 + -3 + -9 - (11 - 22).
3
Evaluate -4 - (1 - (-2 + 11)).
4
Evaluate (-3 + 9 + -4 - 0) + 0.
2
What is -5 - (10 + -8) - (1 + -10)?
2
5 + (-1 - -3) + -2 + -2
3
Evaluate -5 + 5 + -1 + 0 - -7.
6
4 + -1 + 0 + (-10 - -10)
3
Evaluate 216 - 233 - (-2 - -3 - 9).
-9
Calculate 1 + 2 + (-2 - 0) + 3.
4
Evaluate 3 - (9 + (1 - 3) + -3).
-1
What is the value of -8 - (-2 + 1 - (-5 - -10))?
-2
Calculate -5 - -2 - -9 - 6.
0
What is the value of 3 + 4 + -3 + 1 + -5?
0
What is 7 - -2 - -3 - 9?
3
Calculate 1 - -3 - (1 + 7).
-4
What is the value of 0 + 1 - (2 + -1) - 1?
-1
What is the value of 3 - (-1 - (-9 + 6))?
1
Calculate -1 - (6 + (2 - 6)).
-3
Evaluate (-3 - -6) + 3 - 1.
5
What is 1 + 1 + -3 - (2 + 1)?
-4
10 + (7 - (2 - -22))
-7
Calculate 6 - (-2 + 9 + -4) - 4.
-1
Evaluate 8 + (3 - 14) - 3.
-6
(4 - 7) + -1 + -6 + 5
-5
Calculate 0 - -1 - (2 - 5 - -7).
-3
Calculate -2 - (-4 + 1 - (-2 - -1)).
0
Calculate -1 + 5 + (-13 - (-13 - -7)).
-3
What is the value of (12 - 7) + 4 + -9?
0
Calculate (-10 - (4 + -17)) + -3.
0
Calculate (-62 - -71) + -11 + -1.
-3
Evaluate (-1 - -1) + 3 - 0.
3
What is (68 - 67) + (0 - (2 + -1))?
0
What is 9 + -14 + -1 + 8?
2
Calculate 8 - (15 + 0 + 1 + 2).
-10
Evaluate (7 - 8) + -2 + 1 + -2.
-4
Calculate (0 - 2) + 7 + -4.
1
What is 1 + (-3 - 1) + 1?
-2
1 + (-1 - -1) - (44 - 41)
-2
1 + -1 - (18 - 12)
-6
What is the value of -5 - ((-6 - -4 - 3) + 2)?
-2
Evaluate (-24 - -21) + (0 - 0).
-3
-2 - ((5 - 3) + -9)
5
Evaluate 13 + 5 - 4 - (-15 - -22).
7
(3 - 6) + 3 + 4
4
What is the value of 2 + (-6 + 2 - 0)?
-2
What is 1 - (-8 + 9 + 7)?
-7
What is -3 - (4 + (-6 - -3))?
-4
Evaluate 3 + -3 + 3 + -3.
0
Evaluate 4 + -11 + 26 + -11.
8
4 - (-3 + -8) - 21
-6
(4 - (1 - -1)) + -8 + 2
-4
What is (30 - 31) + (-3 - 1)?
-5
Calculate 5 + (1 - -1) + -12.
-5
What is 2 - (3 + 7 + (-7 - -5))?
-6
54 + -65 + 2 + 3
-6
What is the value of 7 + -2 + (12 - 12)?
5
2 + 2 + -2 + (-4 - -3)
1
10 + -8 - (1 + 3)
-2
Evaluate 7 - (8 + 3) - 4.
-8
What is the value of (-2 - (2 - 2)) + -1?
-3
10 + -3 + -9 + 8
6
What is the value of 5 - (13 - 4) - -4 - 2?
-2
0 - (2 - (4 + -2))
0
What is the value of -13 + 20 - 1 - 12?
-6
Evaluate 6 + (-13 - (9 + -8)).
-8
Evaluate 10 + 0 - ((-4 - -8) + 1).
5
Calculate 0 + 19 + -12 + -7 + 0.
0
Calculate -5 + 1 + 13 + -4 + 3.
8
Calculate -1 + -1 + (0 - (0 + 3)).
-5
What 